se -5*s - 8 = -5*z + n, -3*z + 2*s + 11 = 0. Give j(z).
-1
Let v(i) be the second derivative of -7*i + 1/20*i**5 + 0*i**3 + 0*i**4 + 0 - 1/2*i**2. Give v(-2).
-9
Let o(x) = -10*x**3 + x**2 + 2 + 11*x**3 + 3*x + 3*x**2. Let w be (-2)/(-7) + 23/(-7). Let g be o(w). Let u(c) = -4*c**2 + 3*c - 1. Determine u(g).
-11
Let b = 52 + -54. Let w(m) = -3*m + m - 3 + m. Give w(b).
-1
Let w(c) be the first derivative of c**6/30 - c**5/60 + c**4/24 + c**2 + 3. Let o(t) be the second derivative of w(t). Calculate o(1).
4
Let i(l) be the third derivative of 0*l + 1/60*l**5 + 0 - 1/24*l**4 + 6*l**2 + 1/6*l**3. What is i(2)?
3
Let i(x) = -x. Let t = -94 + 97. Give i(t).
-3
Let f(q) = 4*q**2 - 6*q + 16. Let h(b) = -b**2 + 2*b - 5. Let i(k) = 2*f(k) + 7*h(k). Let c be 2/(-8) + ((-234)/8)/(-13). Calculate i(c).
5
Suppose 2 + 22 = -8*z. Let u(a) = -a**2 - 2. Calculate u(z).
-11
Let r(d) be the first derivative of d**3/3 + d**2/2 - d - 8. Give r(3).
11
Let b(l) = l**3 + 5*l**2 + 2*l - 4. Let c be b(-3). Let q(y) = -y**2 + 9*y - 12. Calculate q(c).
-4
Let u(c) = -3*c**2 + 3*c - 2. Let x(i) = 6*i**2 - 7*i + 4. Let w(a) = 5*u(a) + 2*x(a). What is w(2)?
-12
Let q(g) = -g. Suppose -p - 2*p = -3. Let m be (-1)/(p/(-2)*1). Calculate q(m).
-2
Let c = 0 - 3. Let v be c/(-9)*-4*-3. Suppose -2*h - 9 = -5*l, 4*h + 0 = -v*l - 4. Let w(p) = 2*p + 1. Determine w(l).
3
Let n(x) = x**3 + 4*x**2 + 2*x + 3. Let h = -12 - -8. Determine n(h).
-5
Suppose 5*h = -4*n + 27, -h = -3*n - 2*n + 12. Let d(r) = -r**2 - 8*r + 5. Let s(a) = -5*a**2 - 32*a + 21. Let p(l) = -9*d(l) + 2*s(l). What is p(n)?
12
Let k(j) be the second derivative of j**5/20 - 7*j**4/12 + 5*j**3/6 + 3*j**2 + j. Calculate k(6).
0
Let m(n) be the first derivative of n**4/12 + 7*n**3/6 - n**2 + 1. Let b(p) be the second derivative of m(p). Give b(-5).
-3
Let y be 0/(-2 + 1) - -2. Let k(l) = -6 + l**y + 4 - 3*l + 2*l. Let q = -167 - -170. Determine k(q).
4
Let j(c) = c**2 + 11. Let p = 2 - 2. Determine j(p).
11
Let o = 4 - 0. Let w be o/26 - (-74)/26. Let k = 2 - w. Let x(g) = 5*g**2 + 1. Calculate x(k).
6
Let g(a) be the second derivative of -a**8/6720 + a**7/360 - 7*a**6/720 - a**5/60 + a**4/4 - 4*a. Let r(s) be the third derivative of g(s). Calculate r(5).
13
Let g(v) be the first derivative of 1/2*v**2 + 2 + 6*v. Suppose 0 = 5*k - q + 13, 4*k = q + q - 8. Calculate g(k).
3
Let w(h) = h + 9. Let c be w(-5). Suppose 5*l - 4*l = -3*s + 8, -l = 2*s - c. Let d(u) = -u**3 - 4*u**2 - u - 5. What is d(l)?
-1
Let n(i) = i**2 - i + 33. Let b be n(0). Let q be (-6)/(-21) + b/7. Suppose y = q + 1. Let o(j) = j - 3. Calculate o(y).
3
Let i(c) = c**2 - 6*c + 6. Let s(p) = 2*p + 3. Let u be s(-6). Suppose 0 = -6*a + 2*a - 16. Let n = a - u. Calculate i(n).
1
Let j(y) = -4*y + 1. Let f = -46 - -47. Determine j(f).
-3
Let d(t) be the second derivative of 0 + 0*t**4 - 1/6*t**3 - 3/20*t**5 - 1/2*t**2 - 3*t. Give d(-1).
3
Let h(q) = q**2 - 102 - q**3 - 3*q + 103 + 2*q**2 + 2*q. Give h(3).
-2
Suppose -j = 2 - 3. Suppose h - j - 3 = 0. Let o(r) = -r**2 + 3 + 4*r - 4 - 5. Calculate o(h).
-6
Let i(s) = -4 + s + 4 - 2. Let k = -8 - -5. Calculate i(k).
-5
Suppose -s - 3*s = -8. Let o(q) = q**3 - q**2 - 4*q + 1. Let i(m) = 2*m**3 - 2*m**2 - 9*m + 2. Let a(j) = 2*i(j) - 5*o(j). What is a(s)?
-1
Let c be (-2)/(-6) - 44/6. Let s(o) = 5*o**3 + 11*o**2 - 2*o + 4. Let m(q) = 14*q**3 + 32*q**2 - 5*q + 13. Let d(z) = 4*m(z) - 11*s(z). What is d(c)?
-6
Let n(x) be the first derivative of -2*x**3/3 + 2*x**2 - 3*x + 5. Calculate n(2).
-3
Let g(l) = -1 - 3*l**2 + 2*l + 0*l - l**2 + l**3. Suppose -5*k - 2*i + 55 = 20, -5*k - 5*i = -50. Suppose -3*w + k = -4. Calculate g(w).
-4
Let t(j) = -5*j - 13. Let p(k) = 0 + 0*k + 25 + 11*k + 2. Let y(a) = -6*p(a) - 13*t(a). What is y(0)?
7
Let n be -2*(-3)/(-6)*(1 + -3). Let p(a) = 2*a**2 - a. Let h(t) = -1. Let w(c) = -h(c) + p(c). What is w(n)?
7
Let s = -11 + 15. Let j = s + -2. Suppose 0 = 3*k + 9, -4*k = 3*w + j*w + 12. Let a(f) = -f**2 - f + 7. Calculate a(w).
7
Let t(p) be the first derivative of -p**4/4 - 4*p**3/3 + p**2/2 + 4*p - 11. Calculate t(-4).
0
Let x(u) = -u**3 + 5*u - 2*u - 1 + 78*u**2 - 76*u**2. Let y = 1 + 2. Give x(y).
-1
Let p(w) be the third derivative of -w**4/24 + 2*w**3 - 26*w**2. Determine p(5).
7
Let i(p) = -3*p**2 + 3*p**2 + p - 9*p**2 - 3*p**2 - 1. Calculate i(1).
-12
Suppose 10*o - 9*o = 0. Let k(m) = m - 7. What is k(o)?
-7
Let a(l) = l - 1. Suppose -4*n = n. Let u(b) = 1 - 4 + 0*b - b. Let x be u(n). Give a(x).
-4
Let d(x) be the third derivative of x**6/120 - x**5/12 - 7*x**4/24 + 4*x**3/3 + 8*x**2. Calculate d(6).
2
Let p(c) = -1 - 2*c + 5*c - 12*c. Determine p(-3).
26
Let h(k) = -k**2 + 4*k - 4. Let z(t) = t**3 + 5*t**2 + 3*t + 2. Let x be z(-4). Let r = 9 - x. Let o be h(r). Let p(f) = -f**3 - 1. Determine p(o).
0
Let q(f) = -4*f**3 - 9*f + 13. Let p(s) be the second derivative of -s**5/20 - s**3/3 + 3*s**2/2 - 2*s. Let h(r) = -9*p(r) + 2*q(r). What is h(-1)?
-2
Let l(d) = -5 - 3*d**2 + d**2 + 7*d - 4*d + 3*d**2. Give l(-5).
5
Let s(k) = k - 11. Suppose 75 = -z + 6*z. Let g be s(z). Let a(c) = 5. Let v(w) = -w - 6. Let n(h) = 3*a(h) + 2*v(h). What is n(g)?
-5
Let l(s) = -2*s. Let p be l(1). Let a(t) be the second derivative of -t**5/30 - t**4/24 + t**3/6 + t. Let b(j) be the second derivative of a(j). Give b(p).
7
Let r(i) = 9*i - 5. Let m(a) = 19*a - 11. Let y(d) = -4*m(d) + 9*r(d). Let u = -1 + 20. Let n = u - 18. Determine y(n).
4
Let x(m) = -2*m**3 + 4*m**2 + 6*m - 1. Let j(f) = 2*f**3 - 3*f**2 - 5*f + 1. Let v(o) = -3*j(o) - 2*x(o). Give v(2).
-7
Let x = 5 + -1. Let v(a) = 2 - a - x - 3*a + 2*a. Give v(5).
-12
Let z(u) = -6*u**3 + 1. Let j be z(-1). Suppose -2*d = k + 12, 5 = d - 4*k - j. Let a(g) = -2*g - 2. Determine a(d).
6
Let f(y) = y**3 + 8*y**2 - 6*y + 30. Let v be f(-9). Let b(o) be the second derivative of 2*o + 1/2*o**2 + 1/6*o**v + 0 - 1/2*o**5 + 0*o**4. What is b(-1)?
10
Let r(f) be the third derivative of f**4/24 + 7*f**2. Determine r(-4).
-4
Suppose -4 + 19 = 5*r. Let c = 1 - r. Let v(w) = 0 - 5*w**2 + 8*w**2 + w + 0. What is v(c)?
10
Let s(l) = l**3 - 5*l**2 + 4*l - 3. Let n be s(4). Let u(b) = 2*b + 1. What is u(n)?
-5
Suppose 0 = -3*x + 6 - 12. Let a be (-12)/(-16) - x/8. Let c(o) = 2*o - 1. Determine c(a).
1
Let g(r) = 7*r**3 - 7*r**2 + 2*r - 13. Let q(s) = -6*s**3 + 7*s**2 - 3*s + 12. Let f(l) = 5*g(l) + 6*q(l). Determine f(6).
-5
Let w(n) = -6*n**3 - n + 4*n**3 + n**2 + 3*n**3 - 6. Let d(y) = -3*y + 6. Let a be d(3). Let j(i) = -i - 3. Let h be j(a). What is w(h)?
-6
Let u(w) = 11*w**2 - 10*w + 3. Let b(o) = -13*o**2 + 11*o - 2. Let a(f) = -5*b(f) - 6*u(f). What is a(6)?
-14
Let c = -28 + 24. Let v(s) = -s**2 - 5*s. Calculate v(c).
4
Suppose -j + 2*j + 19 = 5*x, 5 = x. Let f be (-3)/j*0 + 11. Let u(h) = -9 - h**2 + f*h - 5*h + 3. Determine u(5).
-1
Suppose z - 2*j = -3, -5*j + 9 + 6 = -4*z. Let o(n) = n**3 + 2*n**2 - n. Let l be o(-2). Let w(v) = 6*v + 5*v**2 - l - 4*v**2 + 1. What is w(z)?
-6
Let g(t) be the second derivative of -t**4/12 - 7*t**3/6 - 2*t**2 - t. Let n(l) = 3*l + 1. Let i be (-6)/15 + 24/(-15). Let v be n(i). Give g(v).
6
Let b(s) = s**2 - s + 4. Let y = -19 + 19. Calculate b(y).
4
Let x(n) = 2*n + 2 - 4*n + 1. Suppose 0*v - 16 = -v. Let o = -11 + v. Calculate x(o).
-7
Let j(d) = -d + 10. Let f be (8/(1 - -1))/2. Let v = 3 + -1. Suppose -10 + f = -n + r, 0 = 5*n - v*r - 31. Give j(n).
5
Let z(u) = u**3 - 4*u**2 + 3*u - 3. Let p be z(3). Let n = p - -5. Suppose d + n*d + 9 = 0. Let t(h) = h. What is t(d)?
-3
Let k(p) be the first derivative of p**2/2 - p - 7. Determine k(3).
2
Let s be 9 - (-1)/(3/(-12)). Let x(j) = j - 7. What is x(s)?
-2
Suppose 3*h + 3*i = -15, -5*h - i + 2*i = 43. Let x = -4 - h. Let b(f) = -3*f + 3. Calculate b(x).
-9
Let y(r) = 1. Let h(a) = -a**2 + 4*a - 9. Let b(u) = h(u) + 3*y(u). Determine b(4).
-6
Suppose -3*g - 6 = -6*g. Let d(x) = 8*x**2 - 9 + 8*x - 2*x**2 - x**2. Let w(h) = 4*h**2 + 7*h - 8. Let v(k) = -5*d(k) + 6*w(k). Give v(g).
-3
Let a(q) = 11*q**3 + 7*q**2 - 26*q + 23. Let k(p) = 7*p**3 + 5*p**2 - 17*p + 15. Let n(f) = -5*a(f) + 8*k(f). Determine n(-6).
5
Suppose -d + 10 = -3*d. Let i(l) = -l - 2. Determine i(d).
3
Let d(g) be the second derivative of g**3/6 - g**2/2 - 41*g. What is d(1)?
0
Let b(t) = -t 